11, 167
List the prime factors of 9513.
3, 7, 151
What are the prime factors of 9361?
11, 23, 37
List the prime factors of 189042.
2, 3, 7, 643
What are the prime factors of 945?
3, 5, 7
List the prime factors of 68061.
3, 7, 463
What are the prime factors of 1867?
1867
What are the prime factors of 610?
2, 5, 61
List the prime factors of 3153.
3, 1051
What are the prime factors of 13000?
2, 5, 13
What are the prime factors of 15572?
2, 17, 229
What are the prime factors of 745?
5, 149
What are the prime factors of 98595?
3, 5, 7, 313
What are the prime factors of 4417?
7, 631
What are the prime factors of 5249?
29, 181
List the prime factors of 561.
3, 11, 17
List the prime factors of 7723.
7723
What are the prime factors of 437?
19, 23
What are the prime factors of 2913?
3, 971
What are the prime factors of 150?
2, 3, 5
What are the prime factors of 867?
3, 17
List the prime factors of 2831.
19, 149
List the prime factors of 7255.
5, 1451
What are the prime factors of 1256?
2, 157
What are the prime factors of 1131?
3, 13, 29
List the prime factors of 50711.
17, 19, 157
What are the prime factors of 12990?
2, 3, 5, 433
What are the prime factors of 542?
2, 271
List the prime factors of 7286.
2, 3643
What are the prime factors of 1175?
5, 47
List the prime factors of 5718.
2, 3, 953
What are the prime factors of 2116?
2, 23
What are the prime factors of 9013?
9013
List the prime factors of 10838.
2, 5419
What are the prime factors of 24172?
2, 6043
What are the prime factors of 52423?
7, 7489
List the prime factors of 2377.
2377
List the prime factors of 853.
853
List the prime factors of 600.
2, 3, 5
What are the prime factors of 55970?
2, 5, 29, 193
List the prime factors of 2613.
3, 13, 67
List the prime factors of 34955.
5, 6991
List the prime factors of 9962.
2, 17, 293
List the prime factors of 13761.
3, 11, 139
List the prime factors of 14895.
3, 5, 331
What are the prime factors of 562?
2, 281
List the prime factors of 8165.
5, 23, 71
List the prime factors of 10979.
10979
List the prime factors of 15841.
7, 31, 73
List the prime factors of 11666.
2, 19, 307
List the prime factors of 2931.
3, 977
List the prime factors of 7953.
3, 11, 241
List the prime factors of 46132.
2, 19, 607
What are the prime factors of 11481?
3, 43, 89
List the prime factors of 40311.
3, 1493
List the prime factors of 303.
3, 101
List the prime factors of 2550.
2, 3, 5, 17
What are the prime factors of 777?
3, 7, 37
List the prime factors of 7568.
2, 11, 43
List the prime factors of 73649.
47, 1567
What are the prime factors of 4092?
2, 3, 11, 31
List the prime factors of 23198.
2, 7, 1657
List the prime factors of 1740.
2, 3, 5, 29
What are the prime factors of 62295?
3, 5, 4153
What are the prime factors of 7182?
2, 3, 7, 19
What are the prime factors of 5277?
3, 1759
What are the prime factors of 1482?
2, 3, 13, 19
List the prime factors of 4034.
2, 2017
What are the prime factors of 27018?
2, 3, 19, 79
List the prime factors of 1136.
2, 71
List the prime factors of 10789.
10789
List the prime factors of 84627.
3, 9403
What are the prime factors of 22784?
2, 89
List the prime factors of 105112.
2, 7, 1877
List the prime factors of 8874.
2, 3, 17, 29
List the prime factors of 56651.
7, 8093
List the prime factors of 4371.
3, 31, 47
List the prime factors of 5320.
2, 5, 7, 19
What are the prime factors of 25473?
3, 7, 1213
What are the prime factors of 461?
461
List the prime factors of 33837.
3, 11279
List the prime factors of 2229.
3, 743
List the prime factors of 957.
3, 11, 29
What are the prime factors of 51990?
2, 3, 5, 1733
What are the prime factors of 3701?
3701
List the prime factors of 12765.
3, 5, 23, 37
What are the prime factors of 33779?
17, 1987
What are the prime factors of 1274?
2, 7, 13
List the prime factors of 7001.
7001
List the prime factors of 6718.
2, 3359
List the prime factors of 8845.
5, 29, 61
List the prime factors of 8987.
11, 19, 43
List the prime factors of 1800.
2, 3, 5
What are the prime factors of 32675?
5, 1307
List the prime factors of 34602.
2, 3, 73, 79
List the prime factors of 5335.
5, 11, 97
List the prime factors of 11924.
2, 11, 271
List the prime factors of 2358.
2, 3, 131
What are the prime factors of 489?
3, 163
List the prime factors of 21230.
2, 5, 11, 193
List the prime factors of 4729.
4729
What are the prime factors of 39712?
2, 17, 73
List the prime factors of 85490.
2, 5, 83, 103
What are the prime factors of 25802?
2, 7, 19, 97
What are the prime factors of 788?
2, 197
List the prime factors of 515.
5, 103
What are the prime factors of 5970?
2, 3, 5, 199
What are the prime factors of 4090?
2, 5, 409
List the prime factors of 9649.
9649
What are the prime factors of 146139?
3, 7, 6959
What are the prime factors of 2622?
2, 3, 19, 23
List the prime factors of 2784.
2, 3, 29
List the prime factors of 4268.
2, 11, 97
What are the prime factors of 1693?
1693
List the prime factors of 932.
2, 233
List the prime factors of 11685.
3, 5, 19, 41
What are the prime factors of 1035?
3, 5, 23
List the prime factors of 865.
5, 173
What are the prime factors of 8671?
13, 23, 29
List the prime factors of 5752.
2, 719
What are the prime factors of 65868?
2, 3, 11, 499
What are the prime factors of 62847?
3, 6983
List the prime factors of 3476.
2, 11, 79
What are the prime factors of 1102?
2, 19, 29
What are the prime factors of 582?
2, 3, 97
What are the prime factors of 59953?
167, 359
What are the prime factors of 27409?
27409
What are the prime factors of 31091?
31091
What are the prime factors of 35447?
35447
What are the prime factors of 1355?
5, 271
What are the prime factors of 21451?
19, 1129
List the prime factors of 14239.
29, 491
What are the prime factors of 14399?
7, 11, 17
List the prime factors of 23.
23
What are the prime factors of 76729?
277
List the prime factors of 2116.
2, 23
List the prime factors of 114943.
137, 839
List the prime factors of 7748.
2, 13, 149
What are the prime factors of 19864?
2, 13, 191
What are the prime factors of 1846?
2, 13, 71
What are the prime factors of 29383?
29383
What are the prime factors of 535?
5, 107
List the prime factors of 11667.
3, 3889
What are the prime factors of 168?
2, 3, 7
What are the prime factors of 88144?
2, 7, 787
List the prime factors of 128177.
7, 18311
What are the prime factors of 4594?
2, 2297
List the prime factors of 1800.
2, 3, 5
What are the prime factors of 6276?
2, 3, 523
List the prime factors of 146620.
2, 5, 7331
What are the prime factors of 66228?
2, 3, 5519
What are the prime factors of 20861?
23, 907
What are the prime factors of 19343?
23, 29
What are the prime factors of 14512?
2, 907
List the prime factors of 6776.
2, 7, 11
List the prime factors of 251.
251
What are the prime factors of 1130?
2, 5, 113
List the prime factors of 11565.
3, 5, 257
What are the prime factors of 1899?
3, 211
List the prime factors of 30075.
3, 5, 401
What are the prime factors of 14437?
14437
What are the prime factors of 41226?
2, 3, 6871
What are the prime factors of 32887?
32887
What are the prime factors of 13357?
19, 37
List the prime factors of 6462.
2, 3, 359
List the prime factors of 13135.
5, 37, 71
What are the prime factors of 932?
2, 233
List the prime factors of 88867.
88867
What are the prime factors of 291?
3, 97
What are the prime factors of 46?
2, 23
What are the prime factors of 11414?
2, 13, 439
List the prime factors of 7249.
11, 659
What are the prime factors of 137339?
137339
List the prime factors of 8898.
2, 3, 1483
What are the prime factors of 1879?
1879
List the prime factors of 87711.
3, 13, 173
List the prime factors of 64675.
5, 13, 199
What are the prime factors of 3470?
2, 5, 347
List the prime factors of 87.
3, 29
List the prime factors of 2086.
2, 7, 149
List the prime factors of 1953.
3, 7, 31
List the prime factors of 7673.
7673
List the prime factors of 21865.
5, 4373
What are the prime factors of 51856?
2, 7, 463
List the prime factors of 1329.
3, 443
List the prime factors of 3746.
2, 1873
What are the prime factors of 62922?
2, 3, 10487
What are the prime factors of 22573?
22573
List the prime factors of 9092.
2, 2273
What are the prime factors of 123206?
2, 61603
What are the prime factors of 2535?
3, 5